se 7) in base 14?
-b
11 (base 2) to base 9
3
4 (base 5) to base 3
11
What is 9d (base 16) in base 15?
a7
What is 10 (base 13) in base 15?
d
-3 (base 11) to base 13
-3
What is 473 (base 8) in base 9?
380
Convert -311 (base 5) to base 6.
-213
What is 2 (base 9) in base 11?
2
104 (base 8) to base 7
125
What is 5 (base 13) in base 15?
5
What is -159 (base 12) in base 5?
-1323
-3 (base 11) to base 12
-3
Convert 0 (base 9) to base 13.
0
What is -d2 (base 15) in base 10?
-197
Convert 364 (base 7) to base 5.
1233
-2 (base 5) to base 10
-2
What is 11 (base 4) in base 12?
5
Convert 11 (base 2) to base 5.
3
Convert -151 (base 13) to base 12.
-177
What is 4b (base 14) in base 6?
151
Convert 0 (base 3) to base 16.
0
What is -3 (base 4) in base 7?
-3
Convert 1b (base 13) to base 11.
22
1 (base 15) to base 6
1
Convert -34 (base 10) to base 2.
-100010
Convert -6b (base 12) to base 11.
-76
What is 112 (base 3) in base 7?
20
Convert 11 (base 3) to base 5.
4
336 (base 8) to base 3
22020
28 (base 11) to base 14
22
-21 (base 6) to base 2
-1101
12121 (base 3) to base 2
10010111
-14 (base 11) to base 16
-f
-11 (base 3) to base 8
-4
What is -5 (base 7) in base 12?
-5
What is 10111 (base 2) in base 6?
35
Convert 29 (base 11) to base 8.
37
-5 (base 6) to base 15
-5
-5 (base 15) to base 4
-11
Convert -14 (base 16) to base 14.
-16
-b5 (base 13) to base 11
-125
Convert -65 (base 14) to base 10.
-89
What is 27 (base 12) in base 4?
133
1104 (base 6) to base 10
256
73 (base 8) to base 9
65
Convert -1312 (base 4) to base 5.
-433
What is 33 (base 8) in base 4?
123
What is -41 (base 7) in base 8?
-35
Convert -20 (base 7) to base 13.
-11
12 (base 5) to base 16
7
What is 16 (base 13) in base 9?
21
What is -10211 (base 3) in base 6?
-251
What is 27 (base 8) in base 3?
212
Convert 1134 (base 5) to base 8.
251
0 (base 6) to base 3
0
Convert 54 (base 11) to base 14.
43
What is 1002 (base 3) in base 13?
23
3b (base 14) to base 6
125
110 (base 2) to base 12
6
Convert -3 (base 13) to base 2.
-11
Convert 1 (base 7) to base 3.
1
Convert -4e (base 15) to base 10.
-74
a1 (base 13) to base 12
ab
What is 1 (base 14) in base 15?
1
1101011 (base 2) to base 12
8b
2 (base 12) to base 16
2
-5 (base 7) to base 6
-5
-1111 (base 3) to base 4
-220
Convert 20 (base 5) to base 13.
a
What is -2 (base 4) in base 2?
-10
-21 (base 7) to base 3
-120
What is -44 (base 5) in base 11?
-22
Convert 41 (base 14) to base 15.
3c
What is 15a (base 11) in base 14?
d4
Convert 3 (base 7) to base 11.
3
Convert 33 (base 6) to base 3.
210
Convert b (base 12) to base 3.
102
What is -16 (base 9) in base 3?
-120
75 (base 10) to base 14
55
Convert 20 (base 10) to base 14.
16
Convert 5a (base 12) to base 13.
55
Convert -12 (base 8) to base 2.
-1010
Convert -1100 (base 2) to base 4.
-30
What is 211 (base 3) in base 7?
31
Convert 21 (base 10) to base 2.
10101
What is 56 (base 15) in base 14?
5b
What is 21101 (base 3) in base 11?
171
What is 140 (base 6) in base 14?
44
What is 0 (base 11) in base 10?
0
What is -1 (base 6) in base 11?
-1
-13 (base 5) to base 14
-8
-11031 (base 4) to base 9
-410
Convert c (base 14) to base 11.
11
-102 (base 4) to base 2
-10010
3 (base 8) to base 3
10
Convert 0 (base 9) to base 12.
0
What is 5 (base 10) in base 5?
10
Convert 4 (base 16) to base 13.
4
24 (base 9) to base 16
16
Convert 0 (base 3) to base 4.
0
10100 (base 2) to base 11
19
Convert 5 (base 9) to base 14.
5
Convert -2 (base 4) to base 13.
-2
What is 11 (base 7) in base 8?
10
Convert 110 (base 3) to base 5.
22
What is 1 (base 7) in base 3?
1
Convert -1 (base 2) to base 6.
-1
What is 4 (base 15) in base 10?
4
Convert -125 (base 6) to base 2.
-110101
What is -111 (base 2) in base 10?
-7
4 (base 12) to base 3
11
8 (base 14) to base 16
8
Convert -116 (base 10) to base 7.
-224
Convert -1e (base 15) to base 6.
-45
-563 (base 7) to base 5
-2130
Convert 11 (base 5) to base 6.
10
What is -45 (base 15) in base 10?
-65
Convert 1211 (base 4) to base 3.
10202
-1 (base 7) to base 9
-1
4 (base 5) to base 10
4
Convert 0 (base 9) to base 3.
0
-1 (base 14) to base 3
-1
Convert 2 (base 7) to base 15.
2
4 (base 8) to base 11
4
Convert -21 (base 7) to base 14.
-11
What is -10 (base 6) in base 4?
-12
Convert -14 (base 15) to base 9.
-21
What is 268 (base 9) in base 15?
ee
What is 0 (base 8) in base 4?
0
11 (base 11) to base 15
c
What is 0 (base 16) in base 7?
0
What is -21 (base 11) in base 12?
-1b
Convert 8 (base 16) to base 14.
8
What is 221 (base 5) in base 15?
41
11 (base 13) to base 4
32
Convert -13 (base 12) to base 10.
-15
What is e (base 15) in base 7?
20
23 (base 11) to base 12
21
Convert 11 (base 7) to base 11.
8
What is -21 (base 11) in base 16?
-17
Convert -113 (base 8) to base 16.
-4b
0 (base 13) to base 10
0
222 (base 5) to base 2
111110
-41 (base 7) to base 3
-1002
What is 2 (base 15) in base 8?
2
Convert 102 (base 7) to base 10.
51
What is 142 (base 5) in base 8?
57
What is 9b (base 12) in base 13?
92
What is 0 (base 5) in base 7?
0
1 (base 13) to base 10
1
What is 1 (base 13) in base 14?
1
What is 3 (base 12) in base 16?
3
Convert 31 (base 8) to base 10.
25
Convert -53 (base 6) to base 11.
-30
Convert -30 (base 15) to base 8.
-55
Convert 1a (base 16) to base 4.
122
What is -2 (base 14) in base 12?
-2
Convert -3 (base 10) to base 4.
-3
3 (base 11) to base 12
3
What is -244 (base 5) in base 9?
-82
What is -a (base 14) in base 15?
-a
-10 (base 3) to base 12
-3
What is 61 (base 10) in base 3?
2021
Convert -3 (base 16) to base 5.
-3
What is 4 (base 10) in base 16?
4
23 (base 6) to base 5
30
Convert 2 (base 4) to base 5.
2
-20022 (base 3) to base 15
-b5
-200 (base 4) to base 5
-112
175 (base 12) to base 5
1413
Convert 0 (base 13) to base 7.
0
-6 (base 16) to base 8
-6
Convert 0 (base 2) to base 11.
0
What is 6 (base 7) in base 16?
6
What is 2 (base 11) in base 2?
10
Convert -133 (base 5) to base 3.
-1121
What is -25 (base 11) in base 4?
-123
What is -11000 (base 2) in base 14?
-1a
What is 213 (base 5) in base 6?
134
-11110 (base 2) to base 3
-1010
Convert -53 (base 6) to base 3.
-1020
33 (base 4) to base 11
14
What is -22 (base 4) in base 15?
-a
Convert aa (base 15) to base 12.
114
What is -129 (base 11) in base 16?
-98
43 (base 16) to base 6
151
What is 0 (base 4) in base 2?
0
What is -32 (base 9) in base 4?
-131
-6 (base 8) to base 16
-6
-1000 (base 3) to base 8
-33
-8 (base 13) to base 16
-8
Convert 2 (base 12) to base 2.
10
-106 (base 10) to base 12
-8a
Convert -31 (base 7) to base 11.
-20
What is -1 (base 12) in base 10?
-1
431 (base 6) to base 15
ad
14 (base 16) to base 13
17
What is 161 (base 14) in base 16?
119
Convert 1022 (base 3) to base 2.
100011
Convert 9 (base 10) to base 13.
9
Convert -6 (base 10) to base 11.
-6
2 (base 12) to base 9
2
What is -3 (base 7) in base 11?
-3
3 (base 5) to base 8
3
-21 (base 5) to base 11
-10
Convert 1 (base 4) to base 15.
1
What is 0 (base 11) in base 8?
0
What is -1 (base 2) in base 15?
-1
What is -1 (base 4) in base 12?
-1
What is 1 (base 9) in base 16?
1
Convert -1 (base 14) to base 2.
-1
What is -113 (base 10) in base 13?
-89
What is -1203 (base 4) in base 14?
-71
What is -1 (base 6) in base 14?
-1
-1a (base 12) to base 14
-18
Convert 12 (base 7) to base 13.
9
What is 0 (base 6) in base 13?
0
Convert 1 (base 13) to base 12.
1
-3 (base 16) to base 7
-3
1040 (base 5) to base 11
122
What is -1 (base 15) in base 12?
-1
What is -2 (base 3) in base 10?
-2
What is -47 (base 9) in base 15?
-2d
Convert 83 (base 14) to base 2.
1110011
What is 4 (base 8) in base 4?
10
Convert 12 (base 11) to base 2.
1101
-26a (base 11) to base 12
-226
What is -4 (base 10) in base 6?
-4
What is 11000 (base 2) in base 14?
1a
-212 (base 3) to base 2
-10111
-4 (base 9) to base 8
-4
What is -21 (base 8) in base 2?
-10001
-31 (base 4) to base 12
-11
Convert -458 (base 9) to base 5.
-3002
Convert 108 (base 14) to base 8.
314
15 (base 7) to base 3
110
Convert -30 (base 4) to base 14.
-c
What is -424 (base 9) in base 7?
-1003
-1 (base 8) to base 6
-1
What is -c (base 13) in base 10?
-12
Convert 59 (base 14) to base 8.
117
-1010100 (base 2) to base 15
-59
8 (base 11) to base 15
8
Convert 69 (base 14) to base 15.
63
What is -13 (base 7) in base 10?
-10
What is -33 (base 5) in base 12?
-16
-46 (base 9) to base 3
-1120
Convert -28 (base 10